9*v**2 + v - 2*v + 0*v**2 + 11 + v**3 + 4*v**2. Let g be z(5). Suppose -221 = -g*w + 289. What is the units digit of w?
5
Let j = -86 - -91. Suppose 0 = h + 4*w + 40, -2*h - 24 = -j*w - 9. What is the tens digit of ((-5)/h)/(43/(-44) - -1)?
1
Let j(g) be the second derivative of 73*g**5/20 + g**4/12 - g**3/3 + g**2 + 7*g + 4. What is the tens digit of j(1)?
7
Suppose 0 = -2*s - 0*s + t + 4, 0 = -2*t. What is the hundreds digit of (7 - 1*-308) + s?
3
Let l be (12/(-8))/(4/(-2984)). Suppose 0*d - 3*d - l = -3*s, -2*d + 1858 = 5*s. What is the hundreds digit of s?
3
Suppose 65315 + 25741 = 46*v - 738738. What is the units digit of v?
9
Suppose 2*n - 5*k = 9603, 7690 = 3*n + 3*k - 6683. What is the thousands digit of n?
4
Let i(p) = 77*p - 11. Let r be 6/(-2)*(-4 + 0 - -2). What is the units digit of i(r)?
1
What is the thousands digit of (1*-10 + (-1215)/60)/((-2)/664)?
0
Suppose -209 + 3389 = -12*m. Let w = -94 - m. What is the units digit of w?
1
Let k(o) = 484*o + 743. What is the thousands digit of k(24)?
2
Suppose 41*q = 39*q + 6. Suppose x - 417 = -s, -2*s - q*x + 807 = -29. What is the units digit of s?
5
Let y = -30436 + 32004. What is the units digit of y?
8
Suppose 0 = -15*r - 34 - 26. What is the tens digit of -251*(r + 14/7)?
0
Let k = 53 - 9. Suppose 0*i = 11*i - k. Suppose 491 = 3*o + i*g, -2*o + g - 646 = -6*o. What is the tens digit of o?
6
Suppose -277*l - 506810 + 7419345 = 0. What is the tens digit of l?
5
Let s(f) = 3*f + 30. Let g be s(-9). What is the units digit of (g + 35/(-21))*(1 - -68)?
2
What is the tens digit of ((-4169)/(-1))/(487/6818)?
6
Let b be -7 - -9 - (2 - 1 - 4). Suppose -870 = -b*y - 290. What is the units digit of y?
6
Suppose 5*l - 1459 = 526. Let k be (23 - (-4116)/(-36))/(1/3). Let h = l + k. What is the tens digit of h?
2
Let p be (-26)/(-4) + (-1)/(0 + 2). Suppose -456 = -25*s + p*s. What is the tens digit of s?
2
What is the units digit of 69794/22 - (-24)/264*6?
3
Let n(a) = -a**2 - 25*a - 46. Let k(t) = t**3 + 3*t**2 + 10*t + 3. Let c be k(-2). What is the units digit of n(c)?
0
Suppose -31814 = -4*o + 3*m, 12648 + 11238 = 3*o + 2*m. What is the thousands digit of o?
7
Let t(j) = 447*j + 2400. What is the tens digit of t(8)?
7
Let x = -139 - -142. Suppose -x*h + 5*m = -174 - 470, -2*h = 5*m - 421. What is the tens digit of h?
1
Let m be 5/(-15)*-6*1. What is the hundreds digit of ((16/(-20))/((-2)/580))/m?
1
Let d be ((210/(-25))/(-7))/(2/740). Let k be (-6)/(-10) + -1 + d/10. Suppose k*s - 45*s = -84. What is the units digit of s?
4
Suppose 0 = -9*y - y - 4730. Let p = y + 981. What is the hundreds digit of p?
5
Suppose 5*n + 108576 = 57*n. What is the units digit of n?
8
Let l(v) = -2*v - 5. Let a be l(-7). Suppose -2*k = c - a, 0*c - 3*c + 34 = -k. Let n(x) = 3*x + 26. What is the tens digit of n(c)?
5
Let o(i) = i**3 - i. Let g be o(0). Let l(v) = 3*v + 106. Let f be l(-34). Suppose 3*c - y + 5*y - 196 = g, -f*y = -c + 76. What is the units digit of c?
8
Suppose 0 = -5*w - 3*m + 63, -2*w - 2*w + 3*m + 72 = 0. What is the units digit of ((-108)/w)/(3/(-70))?
8
Let l(h) = -h + 2. Let i(y) = 6*y - 11. Let b(f) = 6*i(f) + 34*l(f). Let m be b(-7). What is the tens digit of (3/m)/(5/(-2020))?
0
Let s = 7493 + -1820. What is the units digit of s?
3
Suppose -27*s + 133980 = 50*s. What is the units digit of s?
0
Suppose -12 = -4*u, 0 = k - 4*u + u + 5. Suppose 77 = 3*z + 4*s - 2*s, -k*s = -4. What is the units digit of z?
5
Suppose 17*r = 16*r - 660. Let k = 664 + r. What is the units digit of k?
4
Suppose -5*o + 2*i = -61, -65 = -5*o + 3*i - 1. Suppose 270 = o*j - 170. What is the tens digit of j?
4
What is the units digit of (8 + (-25684)/(-16))/(12/32)?
2
Suppose 0 = 154*i - 157*i + 9336. Suppose 37*p - i = 2401. What is the tens digit of p?
4
Let x(p) = -p**2 + 4*p - 26. Let c be x(-13). Let g be c/(-57) + 8/(-6). Suppose g*j - 44 = 34. What is the units digit of j?
6
Suppose -3*x + 708 = 5*t, -x - 66 - 226 = -2*t. What is the units digit of (t/(-90))/(2/(-395))?
6
Suppose -2*w + 0 + 0 = 0. Suppose w = 3*s - 2*s + 99. Let k = s - -190. What is the tens digit of k?
9
Let q = -41 + 43. Let a be 0/((2 - 5) + q). What is the tens digit of 2 + (111 - a/(-3 - 0))?
1
Suppose 10*z - 11*z - 5*b + 12578 = 0, 4*z - 50387 = -5*b. What is the tens digit of z?
0
Let r be -65*6/(-10) - -1. Suppose -516 = -52*q + r*q. What is the units digit of q?
3
Suppose -41*b = -36*b - 20045. Suppose b = -5*d + 3*v, d = 2*d - 4*v + 812. What is the hundreds digit of 19/((-95)/d) + (0 - 0)?
1
What is the ten thousands digit of (-3078)/(((-408)/(-52) - 2) + -6)?
2
What is the ten thousands digit of (11/(48 + -4))/(6/415632)?
1
Let z be 291/(-12) - (-1)/4. What is the tens digit of ((-12)/z*1)/((-2)/(-848))?
1
Let c = 2256 + 11633. What is the ten thousands digit of c?
1
Suppose 133*m = 116*m + 102. Suppose -m*t - 9*t = -12300. What is the units digit of t?
0
Let g be (44/(-5))/(-2) + (-4)/10. Suppose 4*u - g*o = 2*u + 964, -u - o + 467 = 0. What is the tens digit of u?
7
Suppose 0 = 4*a + 5*t + 97, 3*a - a = t - 59. Let x = 31 + a. Let m(q) = 4*q + 19. What is the units digit of m(x)?
1
Let p = 56131 - 28326. What is the ten thousands digit of p?
2
Suppose -t + 5*t - 5*u = 45, 5 = 5*t + 4*u. Suppose b + h = -h + 626, 0 = -t*b - 4*h + 3112. What is the hundreds digit of b?
6
Suppose x + 3*y = 3*x - 167, 3*y + 343 = 4*x. Suppose -104 = 4*b + x. Let a = 65 - b. What is the units digit of a?
3
Let s(x) = -81*x - 124*x + 106*x - 154*x - 60. What is the tens digit of s(-3)?
9
Suppose -5*i = -6*g + 33706, 17*i = 5*g + 13*i - 28087. What is the units digit of g?
1
Suppose -5*i + 4*i + 2*k = -5, i - k - 4 = 0. Let r(n) = -n**2 - 8*n - 6. Let v be r(-7). What is the tens digit of 146*(1 - v - i/(-6))?
7
Let i = -11682 + 26356. What is the tens digit of i?
7
Let v(y) be the third derivative of 0 + 0*y - 1/24*y**4 - 5*y**2 + 0*y**3 + 1/30*y**5. What is the tens digit of v(-7)?
0
Let y = -831 - -3529. Let r be y/10 - (-3)/15. Suppose -184 = -2*g + 5*q + 85, r = 2*g - 4*q. What is the hundreds digit of g?
1
Suppose a - 6*m + 4*m = 129, 141 = a + 4*m. Suppose -3*n + a = -2*n. What is the tens digit of n?
3
Let i be 6 + (5 - 5/1 - 2). Suppose 2*y = i, -5*y - 3437 - 268 = -5*b. What is the hundreds digit of b?
7
Suppose -42*t + 4*r = -46*t + 97468, 5*t = r + 121847. What is the tens digit of t?
6
Suppose 4*r + 5*y + 10 = 0, 5*r + 15 = y - 6*y. Let l be 10 - (-1 - r - 3). Suppose k = l*k - 152. What is the tens digit of k?
1
Let l(m) = -m + 162 - 5*m - m. What is the tens digit of l(-41)?
4
Suppose 0 = 2*k + 6, 7*k + 1058 = b + 6*k. Let a = b - 242. What is the units digit of a?
3
Let y = -714 + 1194. Suppose 2*m = 5*m + y. Let o = m - -372. What is the units digit of o?
2
Suppose -3*l - 24 = -7*l. Let n be (-32486)/2195 + 18/10 + -1. What is the units digit of l/12 - n/4?
4
Let w(b) = -b**2 - 8*b + 1. Let u be w(-6). Let l(q) = 4*q - 50. Let p be l(u). What is the units digit of (20/(-25) - 1828/(-10))/p?
1
Let r be 1*(-2)/4 + (-42)/(-84). Suppose 21 + 641 = 5*k - 4*j, -5*k + j + 668 = r. What is the tens digit of k?
3
Let t(q) be the second derivative of -q**3 - 3*q**2 + 17*q. Let k be t(-6). Let u = -3 + k. What is the tens digit of u?
2
Let y(c) = -c**3 - 14*c**2 - 13*c + 5. Let p be y(-13). Let j(l) = l**3 - 5*l**2 + 11*l - 29. What is the tens digit of j(p)?
2
Suppose 154*f - 160*f + 13578 = 0. Suppose 9*b + f = 3*s + 7*b, 0 = s - b - 754. What is the tens digit of s?
5
Let f = 154 - 202. What is the units digit of (-3388)/(-24) - (-8)/f?
1
Let k(m) = 42*m - 72. Let l be k(0). What is the tens digit of (-49154)/(-35) - (l/20 + 4)?
0
Let x = 45990 + -18408. What is the ten thousands digit of x?
2
Let y = 23783 - 16214. What is the thousands digit of y?
7
Let t(k) = 34*k - 12. Let q be t(3). What is the tens digit of q/(-15)*(-166)/4?
4
Let b be (10/(-25))/(((-3)/(-105))/(-1)). What is the units digit of 723*b/21 - (-1 - -5)?
8
Let d(o) = 28*o**2 + 3*o. Let a(h) = h - 1. Let m(y) = -3*a(y) - d(y). Let r(n) be the first derivative of m(n). What is the tens digit of r(-2)?
0
Suppose 2*y - 12 = 0, 43*p - y + 13302 = 47*p. What is the units digit of p?
4
Let p = 511 - 288. Let g = -103 + p. What is the hundreds digit of g?
1
Suppose 29*s + 12 